11. List the prime factors of n.
2, 3, 5
Let o(r) = -2*r**3 + 33*r**2 - 32*r + 9. What are the prime factors of o(15)?
2, 3, 17
Let i be 12/3*(-3)/(-4). List the prime factors of 3*(i - 2) + 2.
5
List the prime factors of (-2)/9 - (-436)/18.
2, 3
Let j = 20 + -14. Suppose 0 = j*o - 3*o - 36. What are the prime factors of o?
2, 3
Suppose -k + 5*g + 7 = 0, -3*k + 3*g + 5 = 4*g. List the prime factors of 2/(-4) - (-73)/k.
2, 3
Let k = 6 - -1. Suppose k*w = 2*w + 125. What are the prime factors of w?
5
Let q(t) = 2*t**3 + 3*t**2 + 5*t - 6. List the prime factors of q(3).
2, 3, 5
What are the prime factors of 1/((-3)/(-315)*3)?
5, 7
Let b be (10 + 2)*1/2. Let d = 1 + b. What are the prime factors of d?
7
Let b be 2/5 + 294/15. Suppose c + 3 - 5 = -3*z, -4*c = -2*z + b. What are the prime factors of z?
2
Let d(c) = c**3 - 2*c**2 - 3*c - 20. List the prime factors of d(7).
2, 3, 17
Suppose -a + 5*j - 2 = 0, -j + 8 = -4*a - 0*j. Let t be a/8 - (-495)/(-36). Let z = t - -34. List the prime factors of z.
2, 5
Let z(t) = 6*t**2 - 10. What are the prime factors of z(3)?
2, 11
Let t(s) = 208*s - 4. What are the prime factors of t(1)?
2, 3, 17
Let r(v) = 2*v + 9. What are the prime factors of r(5)?
19
Let n be (0 + 1)*-3 + 8. Suppose 0 = -t + n + 4. List the prime factors of t.
3
Suppose -5*i = -3*n + 125, -80 = -6*n + 4*n + 4*i. Suppose -n = -3*s - 5*f, f - 3*f + 18 = s. Suppose u - s = -u. List the prime factors of u.
5
Let v(a) = 7*a**2. Let n = -1 - 2. Let u be v(n). Suppose 0*x + 3*x = -w + 46, -4*x - 3*w + u = 0. What are the prime factors of x?
3, 5
Let f(q) = -5*q**2 - q**3 + 7 - q**2 - 4*q + 4 - 4. Let i be f(-5). Suppose 0*y - i*y + 4 = 0. What are the prime factors of y?
2
Suppose -2*v = -4*v + 4*j + 28, 4*v - 2*j - 80 = 0. List the prime factors of v.
2, 11
Let d = -6 - -9. Suppose d*b = -2*b + 20. Suppose 0 = n + 2*i - 13, b*n - 3*i = -0*i + 52. What are the prime factors of n?
13
List the prime factors of 25/3 + (-6)/(-9).
3
Let h(r) = 6*r - 7. Let f be h(3). Let i = f - 8. Suppose i*n + 25 = 2*k, -k + 0*n - 5 = 2*n. What are the prime factors of k?
5
Let x(b) be the second derivative of 0 + 5/6*b**3 - 2*b**2 - b - 1/12*b**4. What are the prime factors of x(3)?
2
List the prime factors of (-15)/(-40) + (-596)/(-32).
19
Let i be (12 + 10)*2/4. Let l(k) = 4*k - 6. List the prime factors of l(i).
2, 19
Let h(n) be the first derivative of -n**5/60 - 2*n**3/3 - 4. Let s(p) be the third derivative of h(p). List the prime factors of s(-1).
2
Suppose 5*v - 12 = 3. Let a = v - -2. Let m(j) = j**3 - 5*j**2 + j + 4. What are the prime factors of m(a)?
3
Suppose -19 = -4*x + 5. List the prime factors of x.
2, 3
Suppose -2*v = -4*v + 70. What are the prime factors of v?
5, 7
Let j = 3 - -1. Let h(c) = 2*c + 3. List the prime factors of h(j).
11
Let m(v) = -v - 11. Let g be m(0). Let j = g - -22. What are the prime factors of j?
11
What are the prime factors of ((-3)/(-6)*-74)/(1/(-4))?
2, 37
What are the prime factors of (-413)/(-3) + (3 - 55/15)?
137
Let y(g) = -g**3 + 6*g**2 + g - 2. Let o be y(6). Suppose o*z - 34 - 38 = 0. What are the prime factors of z?
2, 3
Let u(j) = j + 8. Let r be u(-9). What are the prime factors of -2 + r/(2/(-16))?
2, 3
Let b(a) = -a + 5. Let k be b(0). Let v = k + 1. What are the prime factors of v?
2, 3
Let o be 2 - 9/6*2. Let g be o/2*(-4)/2. List the prime factors of (14/(-4))/(g/(-2)).
7
Suppose -t = -0*t - 75. Suppose -3*d = 2*d - t. List the prime factors of d.
3, 5
Suppose -4*v = 5*g - 42, -2*g + 9 = g - 3*v. Suppose 2*m = m + 2. Let k = g - m. List the prime factors of k.
2
Let d = -15 - -21. Suppose 0 = -2*p - 10, -2*c + 4*p + 18 + 8 = 0. What are the prime factors of 1/c - (-64)/d?
11
List the prime factors of 5 - (-10 + 5 + -298).
2, 7, 11
Let c = 48 + -4. Let q = c - 20. What are the prime factors of q?
2, 3
Let y = -5 + 6. Suppose -4*w = -5*a - 16, -a - 2 + 1 = -3*w. What are the prime factors of 10/(-4)*a*y?
2, 5
Suppose -48 = -q - 0*q - 3*y, y - 159 = -4*q. What are the prime factors of q?
3, 13
Suppose 2*m = m + 4. Let y = m + -8. Let q(p) = 2*p**2 + 6*p + 4. What are the prime factors of q(y)?
2, 3
Let v(w) = w**2 - 10*w + 3. Let a be v(7). List the prime factors of (-364)/a - (-4)/(-18).
2, 5
Let v be (0 - -1)*(-1150)/(-10). What are the prime factors of (2 + 0)*v/10?
23
Let a = 6 + -1. Suppose -4*w - a*y + 16 = -y, -w + 2*y = -4. Suppose -5*f + 60 = -0*f - w*g, -50 = -5*f + 2*g. What are the prime factors of f?
2
Suppose -5*p = 3*o - o - 154, -p + 35 = -o. Suppose -2*u - p = -4*n, -3 + 35 = 4*n + 3*u. What are the prime factors of n?
2
Suppose -15 = -3*u, a - 3*u + 15 = -a. Suppose -12 = -w - a. Let k = 18 - w. List the prime factors of k.
2, 3
Suppose 5*f - 1024 = -4*a - 43, 2*f = 2. List the prime factors of a.
2, 61
Let o(a) = 3*a**2 - 2*a - 4*a**2 - 2*a. Let z be o(-5). Let q = z - -8. List the prime factors of q.
3
Let i(z) = -z**3 + 6*z**2 + 3*z + 5. Let f be i(7). Let g = f + 59. List the prime factors of g.
2, 3
Suppose -10*o + 786 = -4*o. What are the prime factors of o?
131
Let v(q) = 0 - 8*q**2 + 2*q + q**3 + 4 + 7*q. What are the prime factors of v(7)?
2, 3
Let n = -272 - -382. List the prime factors of n.
2, 5, 11
Let h = 9 - -12. List the prime factors of h.
3, 7
Let w be (-90)/2 - 4/(-1). Let u = -9 - w. What are the prime factors of u?
2
Let v = -10 - -11. Let a = v + 14. What are the prime factors of a?
3, 5
Suppose -15 - 137 = -4*j. Suppose 0 = 4*z - 2*z - j. What are the prime factors of z?
19
Let n(k) = k**3 - k**2 + k + 1. Let j be n(-1). What are the prime factors of (6/(-5))/(j/20)?
2, 3
Suppose 8*m - 570 = 3*m + b, -350 = -3*m - b. List the prime factors of m.
5, 23
Let s = 35 - 15. List the prime factors of s.
2, 5
Let z be (((-12)/(-2))/(-1))/1. List the prime factors of 3*-8*1/z.
2
Let p(h) = -h. Let n(w) = -3*w - 7. Let x(i) = n(i) - 5*p(i). Let s(m) = -3*m + 8. Let u(j) = 4*s(j) + 5*x(j). What are the prime factors of u(-5)?
7
Suppose 3*n = 2*f + 12, -n + 2*f + 4 = -4. Suppose -7*u + 45 = -2*u. Suppose -5*s + 9 = 2*k - 10, -n*k + 5*s + u = 0. List the prime factors of k.
7
Suppose 0*w - w + 4*o = 40, 2*w + 5*o = -106. List the prime factors of (6/(-4))/(8/w).
3
Let j(r) be the first derivative of -r**4/4 - r**3 - 2*r**2 - 3*r + 1. Let c(t) = -t**3 - 5*t**2 + 5*t - 9. Let z be c(-6). What are the prime factors of j(z)?
3
Let v(f) = -5*f + 8. Let r be v(6). Let w = -9 - r. What are the prime factors of w?
13
Let s(q) = -q + 6. Let r be s(6). Suppose 3 = -3*y - 12. Let h = r - y. What are the prime factors of h?
5
Let g = -1 - 2. Let x = -2 + g. Let f(a) = a**3 + 6*a**2 + 2*a - 3. List the prime factors of f(x).
2, 3
Let u be 1 - (0 + 1) - 1. Let j = 1 + u. Suppose 0 = -j*k - 2*k + 4. What are the prime factors of k?
2
Suppose -7*y = -2 + 9. What are the prime factors of y/(-2)*(33 + -1)?
2
Let i = 36 - 3. List the prime factors of i.
3, 11
Let s be (-5)/(20/12) - -7. Let k = s + 19. What are the prime factors of k?
23
Let j(v) = -v + 7. Let w be j(6). Let s(m) = 13*m**2 - 1. List the prime factors of s(w).
2, 3
Suppose 0 = 7*r - 147 - 238. List the prime factors of r.
5, 11
Let d be 48*1*(-4)/(-6). Let m = 66 - d. List the prime factors of m.
2, 17
Suppose 5*u - 4*y + 5 = 0, 0*u + 3*y - 9 = 2*u. Suppose -u*p = -2*k - k + 36, 3 = -3*p. List the prime factors of k.
11
Let d(h) = 2*h**2 + 4*h - 1. Let m = -7 - -4. List the prime factors of d(m).
5
Suppose -x = -4*y - 16, 9*x - 4*x - 5 = -5*y. Suppose 20 = 3*p + i, -3*i - 20 = -x*p - i. List the prime factors of p.
2, 3
Let q(x) = -17*x - 14. What are the prime factors of q(-4)?
2, 3
Let l be (2 + 48)*(-8)/(-10). Let m be ((-12)/18)/((-4)/54). Suppose 5*b - m - l = 4*n, 29 = b + 4*n. What are the prime factors of b?
13
Suppose 2*u - 4 + 0 = 0. Suppose -3*n - 12 = 0, -3*h + u*n - 4*n = -1. What are the prime factors of h?
3
Let p = -4 - -12. What are the prime factors of p?
2
Let k(n) = -2*n. Let x(w) = 5*w**2 + 1. Let d be x(-1). Let q = -11 + d. What are the prime factors of k(q)?
2, 5
Suppose 20 = 5*n - 5. Let d(h) = -3*h - 2*h**3 + n*h - h**3 + 1. What are the prime factors of d(-1)?
2
Let y(t) = t**2 + 5. Let b be y(0). Suppose -3*r + 40 = -r + b*w, -2*r - w + 56 = 0. List the prime factors of r.
2, 3, 5
List the prime factor